{"id":2171,"date":"2019-09-17T14:05:26","date_gmt":"2019-09-17T12:05:26","guid":{"rendered":"https:\/\/www.choreoscope.com\/ediciones-anteriores\/?page_id=2171"},"modified":"2019-09-24T15:00:25","modified_gmt":"2019-09-24T13:00:25","slug":"especial-centre-civic-ateneu-fort-pienc","status":"publish","type":"page","link":"https:\/\/www.choreoscope.com\/ediciones-anteriores\/especial-centre-civic-ateneu-fort-pienc\/","title":{"rendered":"Especial Centre C\u00edvic Ateneu Fort Pienc"},"content":{"rendered":"<section class=\"wpb-content-wrapper\"><p>[vc_row][vc_column width=\u00bb1\/6&#8243;][\/vc_column][vc_column width=\u00bb2\/3&#8243;]<div class=\"smile-icon-timeline-wrap csstime   \"     style=\"\"><div class=\"timeline-line \" style=\"border-right-color:;\"><span><\/span><\/div><div class=\"timeline-wrapper\"><\/div><div class=\"timeline-feature-item feat-item feat-top \"><div class=\"feat-dot feat-top\"><div class=\"timeline-dot\"><\/div><\/div><div class=\"ult-timeline-arrow feat-top\"><s><\/s><l><\/l><\/div><div class=\"timeline-icon-block\"><div class=\"ult-timeline-icon tl-icon-no-bg\" style=\"   \"><\/div> <!-- icon --><\/div><div class=\"timeline-header-block\" >\n\t\t\t\t\t\t\t<div class=\"timeline-header\" id=\"timeline-featured-4142\"  style=\"\"><h3\n\t\t\t class=\"ult-timeline-title ult-responsive\"   data-ultimate-target='#timeline-featured-4142 .ult-timeline-title'  data-responsive-json-new='{\"font-size\":\"\",\"line-height\":\"\"}'  style=\"\"><\/h3><div class=\"ult-responsive custom-lht\"  data-ultimate-target='#timeline-featured-4142 .custom-lht'  data-responsive-json-new='{\"font-size\":\"\",\"line-height\":\"\"}'  style=\"\"><img decoding=\"async\" loading=\"lazy\" class=\"aligncenter size-medium wp-image-2244\" src=\"https:\/\/www.choreoscope.com\/ediciones-anteriores\/wp-content\/uploads\/2019\/09\/Centre-Civic-Fort-Pienc-300x90.png\" alt=\"fort pienc\" width=\"300\" height=\"90\" srcset=\"https:\/\/www.choreoscope.com\/ediciones-anteriores\/wp-content\/uploads\/2019\/09\/Centre-Civic-Fort-Pienc-300x90.png 300w, https:\/\/www.choreoscope.com\/ediciones-anteriores\/wp-content\/uploads\/2019\/09\/Centre-Civic-Fort-Pienc.png 499w\" sizes=\"(max-width: 300px) 100vw, 300px\" \/><\/div><\/div> <!-- header --><\/div><\/div><div class=\"timeline-wrapper \"><\/div><\/div>[\/vc_column][vc_column width=\u00bb1\/6&#8243;][\/vc_column][\/vc_row][vc_row][vc_column width=\u00bb1\/2&#8243;]<div class=\"smile-icon-timeline-wrap csstime   \"     style=\"\"><div class=\"timeline-line \" style=\"border-right-color:;\"><span><\/span><\/div><div class=\"timeline-wrapper\"><\/div>\n\t\t\t\t<div id=\"timeline-seperator-3459\" class=\"timeline-separator-text \" data-sep-col=\"\" data-sep-bg-col=\"\"><span class=\"sep-text ult-responsive\"  data-ultimate-target='#timeline-seperator-3459 .sep-text'  data-responsive-json-new='{\"font-size\":\"\",\"line-height\":\"\"}'  style=\"border-width:1px;border-radius:5px;\">Jueves, 10 de Octubre, 19.30h<\/span><\/div><div class=\"timeline-wrapper \"><\/div><div class=\"timeline-feature-item feat-item feat-top \"><div class=\"feat-dot feat-top\"><div class=\"timeline-dot\"><\/div><\/div><div class=\"ult-timeline-arrow feat-top\"><s><\/s><l><\/l><\/div><div class=\"timeline-icon-block\"><div class=\"ult-timeline-icon tl-icon-no-bg\" style=\"   \"><\/div> <!-- icon --><\/div><div class=\"timeline-header-block\" >\n\t\t\t\t\t\t\t<div class=\"timeline-header\" id=\"timeline-featured-2672\"  style=\"\"><h3\n\t\t\t class=\"ult-timeline-title ult-responsive\"   data-ultimate-target='#timeline-featured-2672 .ult-timeline-title'  data-responsive-json-new='{\"font-size\":\"\",\"line-height\":\"\"}'  style=\"\"><\/h3><div class=\"ult-responsive custom-lht\"  data-ultimate-target='#timeline-featured-2672 .custom-lht'  data-responsive-json-new='{\"font-size\":\"\",\"line-height\":\"\"}'  style=\"\"><\/p>\n<p style=\"text-align: center;\">Premio Retrato de una Generaci\u00f3n Choreoscope 2018<\/p>\n<hr \/>\n<p style=\"text-align: center;\">Portrait of a Generation Award Choreoscope 2018<\/p>\n<p><\/div><\/div> <!-- header --><\/div><\/div><div class=\"timeline-wrapper \"><\/div><div class=\"timeline-feature-item feat-item  \"><div class=\"feat-dot \"><div class=\"timeline-dot\"><\/div><\/div><div class=\"ult-timeline-arrow \"><s><\/s><l><\/l><\/div><div class=\"timeline-icon-block\"><div class=\"ult-timeline-icon tl-icon-no-bg\" style=\"   \"><\/div> <!-- icon --><\/div><div class=\"timeline-header-block\" >\n\t\t\t\t\t\t\t<div class=\"timeline-header\" id=\"timeline-featured-9742\"  style=\"\"><h3\n\t\t\t class=\"ult-timeline-title ult-responsive\"   data-ultimate-target='#timeline-featured-9742 .ult-timeline-title'  data-responsive-json-new='{\"font-size\":\"\",\"line-height\":\"\"}'  style=\"\">DANSEUR<\/h3><div class=\"ult-responsive custom-lht\"  data-ultimate-target='#timeline-featured-9742 .custom-lht'  data-responsive-json-new='{\"font-size\":\"\",\"line-height\":\"\"}'  style=\"\"><\/p>\n<p class=\"p1\" style=\"text-align: center;\"><img decoding=\"async\" loading=\"lazy\" class=\"aligncenter wp-image-2292 size-large\" src=\"https:\/\/www.choreoscope.com\/ediciones-anteriores\/wp-content\/uploads\/2019\/09\/danseur-poster-spanish-768x1024.jpg\" alt=\"danseur poster spanish\" width=\"768\" height=\"1024\" srcset=\"https:\/\/www.choreoscope.com\/ediciones-anteriores\/wp-content\/uploads\/2019\/09\/danseur-poster-spanish-768x1024.jpg 768w, https:\/\/www.choreoscope.com\/ediciones-anteriores\/wp-content\/uploads\/2019\/09\/danseur-poster-spanish-225x300.jpg 225w\" sizes=\"(max-width: 768px) 100vw, 768px\" \/><\/p>\n<p class=\"p1\" style=\"text-align: center;\"><strong>Documental.<\/strong> EUA, 2018, 1h 10&#8242;<\/p>\n<p style=\"text-align: center;\"><strong>Director: <\/strong>Scott K. Gormley<\/p>\n<p style=\"text-align: center;\"><strong>Coreograf\u00eda:\u00a0<\/strong>varios<\/p>\n<p>&nbsp;<\/p>\n<p class=\"p1\" style=\"text-align: left;\">Una mirada al esfuerzo\u00a0de los bailarines de ballet, combatiendo los prejuicios de g\u00e9nero y los estereotipos en\u00a0la persecuci\u00f3n\u00a0de sus sue\u00f1os.<\/p>\n<p class=\"p1\" style=\"text-align: left;\">Seg\u00fan una encuesta reciente, el 95% de los bailarines de cl\u00e1sico afirmaron haberse enfrentado a ataques f\u00edsicos o verbales motivados por su profesi\u00f3n.<\/p>\n<p class=\"p1\" style=\"text-align: left;\">Bailarines de las principales compa\u00f1\u00edas de ballet del mundo participan en este poderoso documental.<\/p>\n<p>&nbsp;<\/p>\n<hr \/>\n<p>&nbsp;<\/p>\n<p class=\"p1\" style=\"text-align: left;\">A look at the struggle facing male ballet dancers as they battle gender bias and stereotypes in pursuit of their dreams.<\/p>\n<p class=\"p1\" style=\"text-align: left;\">According to a recent survey, 95% of male ballet dancers stated that they faced physical or verbal attacks because of dance.<\/p>\n<p class=\"p1\" style=\"text-align: left;\">Dancers from the top ballet companies in the world participate in this powerful documentary.<\/p>\n<p><\/div><\/div> <!-- header --><\/div><\/div><div class=\"timeline-wrapper \"><\/div><\/div>[\/vc_column][vc_column width=\u00bb1\/2&#8243;]<div class=\"smile-icon-timeline-wrap csstime   \"     style=\"\"><div class=\"timeline-line \" style=\"border-right-color:;\"><span><\/span><\/div><div class=\"timeline-wrapper\"><\/div>\n\t\t\t\t<div id=\"timeline-seperator-5271\" class=\"timeline-separator-text \" data-sep-col=\"\" data-sep-bg-col=\"\"><span class=\"sep-text ult-responsive\"  data-ultimate-target='#timeline-seperator-5271 .sep-text'  data-responsive-json-new='{\"font-size\":\"\",\"line-height\":\"\"}'  style=\"border-width:1px;border-radius:5px;\">Jueves, 24 de Octubre, 19.30h<\/span><\/div><div class=\"timeline-wrapper \"><\/div><div class=\"timeline-feature-item feat-item feat-top \"><div class=\"feat-dot feat-top\"><div class=\"timeline-dot\"><\/div><\/div><div class=\"ult-timeline-arrow feat-top\"><s><\/s><l><\/l><\/div><div class=\"timeline-icon-block\"><div class=\"ult-timeline-icon tl-icon-no-bg\" style=\"   \"><\/div> <!-- icon --><\/div><div class=\"timeline-header-block\" >\n\t\t\t\t\t\t\t<div class=\"timeline-header\" id=\"timeline-featured-9630\"  style=\"\"><h3\n\t\t\t class=\"ult-timeline-title ult-responsive\"   data-ultimate-target='#timeline-featured-9630 .ult-timeline-title'  data-responsive-json-new='{\"font-size\":\"\",\"line-height\":\"\"}'  style=\"\"><\/h3><div class=\"ult-responsive custom-lht\"  data-ultimate-target='#timeline-featured-9630 .custom-lht'  data-responsive-json-new='{\"font-size\":\"\",\"line-height\":\"\"}'  style=\"\"><\/p>\n<p style=\"text-align: center;\">Premio Aportaci\u00f3n Excepcional al Cine de Danza Choreoscope 2019<\/p>\n<hr \/>\n<p style=\"text-align: center;\">Outstanding Achievement in Dance Film Award Choreoscope 2019<\/p>\n<p><\/div><\/div> <!-- header --><\/div><\/div><div class=\"timeline-wrapper \"><\/div><div class=\"timeline-feature-item feat-item  \"><div class=\"feat-dot \"><div class=\"timeline-dot\"><\/div><\/div><div class=\"ult-timeline-arrow \"><s><\/s><l><\/l><\/div><div class=\"timeline-icon-block\"><div class=\"ult-timeline-icon tl-icon-no-bg\" style=\"   \"><\/div> <!-- icon --><\/div><div class=\"timeline-header-block\" >\n\t\t\t\t\t\t\t<div class=\"timeline-header\" id=\"timeline-featured-9134\"  style=\"\"><h3\n\t\t\t class=\"ult-timeline-title ult-responsive\"   data-ultimate-target='#timeline-featured-9134 .ult-timeline-title'  data-responsive-json-new='{\"font-size\":\"\",\"line-height\":\"\"}'  style=\"\">SOMOS CALENTURA<\/h3><div class=\"ult-responsive custom-lht\"  data-ultimate-target='#timeline-featured-9134 .custom-lht'  data-responsive-json-new='{\"font-size\":\"\",\"line-height\":\"\"}'  style=\"\"><\/p>\n<p class=\"p1\" style=\"text-align: center;\"><img decoding=\"async\" loading=\"lazy\" class=\"aligncenter wp-image-2286 size-large\" src=\"https:\/\/www.choreoscope.com\/ediciones-anteriores\/wp-content\/uploads\/2019\/09\/calentura-poster1-718x1024.jpg\" alt=\"calentura poster1\" width=\"718\" height=\"1024\" srcset=\"https:\/\/www.choreoscope.com\/ediciones-anteriores\/wp-content\/uploads\/2019\/09\/calentura-poster1-718x1024.jpg 718w, https:\/\/www.choreoscope.com\/ediciones-anteriores\/wp-content\/uploads\/2019\/09\/calentura-poster1-210x300.jpg 210w, https:\/\/www.choreoscope.com\/ediciones-anteriores\/wp-content\/uploads\/2019\/09\/calentura-poster1-768x1095.jpg 768w, https:\/\/www.choreoscope.com\/ediciones-anteriores\/wp-content\/uploads\/2019\/09\/calentura-poster1.jpg 812w\" sizes=\"(max-width: 718px) 100vw, 718px\" \/><\/p>\n<p class=\"p1\" style=\"text-align: center;\"><strong>Ficci\u00f3n. <\/strong>Colombia, 2018, 1h 44\u2019<\/p>\n<p style=\"text-align: center;\"><strong>Director:<\/strong> Jorge Navas<\/p>\n<p style=\"text-align: center;\"><strong>Coreograf\u00eda:<\/strong> Julio Valencia y Rafael Palacios<\/p>\n<p>&nbsp;<\/p>\n<p class=\"p1\" style=\"text-align: left;\">En Buenaventura, Colombia, abundan las bandas que condenan a los j\u00f3venes a una vida al margen de la ley. Harvey y sus tres amigos, campeones locales de baile, tratan de sobrevivir en medio de esta realidad, desafiando su destino y encontrando su valor en la danza. Ellos tendr\u00e1n que decidir si cambian la violencia y las balas por el baile y los versos. Estreno exclusivo en Espa\u00f1a.<\/p>\n<p>&nbsp;<\/p>\n<hr \/>\n<p>&nbsp;<\/p>\n<p class=\"p1\" style=\"text-align: left;\">In the harbour city Buenaventura, in Colombia, there are criminal gangs made up mainly of young people. A group of young Afro-Colombians, local dance champions, try to survive in the midst of this harsh reality, but they must choose between dance and violence. Presented at the Berlinale Talents, one of the most important film festivals in the world, <em>Somos Calentura<\/em> is directed by Jorge Navas (La sangre y la lluvia).<\/p>\n<p><\/div><\/div> <!-- header --><\/div><\/div><div class=\"timeline-wrapper \"><\/div><\/div>[\/vc_column][\/vc_row][vc_row][vc_column width=\u00bb1\/2&#8243;]<div class=\"smile-icon-timeline-wrap csstime   \"     style=\"\"><div class=\"timeline-line \" style=\"border-right-color:;\"><span><\/span><\/div><div class=\"timeline-wrapper\"><\/div><div class=\"timeline-feature-item feat-item  \"><div class=\"feat-dot \"><div class=\"timeline-dot\"><\/div><\/div><div class=\"ult-timeline-arrow \"><s><\/s><l><\/l><\/div><div class=\"timeline-icon-block\"><div class=\"ult-timeline-icon tl-icon-no-bg\" style=\"   \"><\/div> <!-- icon --><\/div><div class=\"timeline-header-block\" >\n\t\t\t\t\t\t\t<div class=\"timeline-header\" id=\"timeline-featured-9886\"  style=\"\"><h3\n\t\t\t class=\"ult-timeline-title ult-responsive\"   data-ultimate-target='#timeline-featured-9886 .ult-timeline-title'  data-responsive-json-new='{\"font-size\":\"\",\"line-height\":\"\"}'  style=\"\"><\/h3><div class=\"ult-responsive custom-lht\"  data-ultimate-target='#timeline-featured-9886 .custom-lht'  data-responsive-json-new='{\"font-size\":\"\",\"line-height\":\"\"}'  style=\"\"><\/p>\n<h4 class=\"p2\" style=\"text-align: center;\"><em><b>+ Danza en vivo <\/b>\u2013 Kata Balogh: \u00bfY si no pienso nada?<\/em><\/h4>\n<p><img decoding=\"async\" loading=\"lazy\" class=\"aligncenter wp-image-2246 size-medium\" src=\"https:\/\/www.choreoscope.com\/ediciones-anteriores\/wp-content\/uploads\/2019\/09\/IMG_20190119_115817-300x225.jpg\" alt=\"kata\" width=\"300\" height=\"225\" srcset=\"https:\/\/www.choreoscope.com\/ediciones-anteriores\/wp-content\/uploads\/2019\/09\/IMG_20190119_115817-300x225.jpg 300w, https:\/\/www.choreoscope.com\/ediciones-anteriores\/wp-content\/uploads\/2019\/09\/IMG_20190119_115817-768x576.jpg 768w, https:\/\/www.choreoscope.com\/ediciones-anteriores\/wp-content\/uploads\/2019\/09\/IMG_20190119_115817-1024x768.jpg 1024w\" sizes=\"(max-width: 300px) 100vw, 300px\" \/><\/p>\n<p style=\"text-align: left;\">\u00bfY si no pienso nada..?\u2019 es un dialogo infinito entre cuerpo y espacio, int\u00e9rprete y espectador, interior y exterior, lo f\u00edsico y lo mental.\u00a0 Es una reflexi\u00f3n constante sobre la danza, la posici\u00f3n del interprete y el espectador, y el hecho inevitable de juzgarnos a nosotros mismos y al entorno. Es un bucle transparente, lleno de sarcasmo, auto-reflexi\u00f3n, preguntas, asociaciones, en donde se mezclan cuerpos, estados e idiomas diferentes.\u00a0 Un juego, con el objetivo de encontrar la quietud, el vac\u00edo.<\/p>\n<p style=\"text-align: left;\"><strong>Kata Balogh<\/strong> es una bailarina, creadora y gestora cultural de Hungr\u00eda, desde 2017 reside en Barcelona. \u2018Y si no pienso nada ..?\u2019 es su primer solo, presentado en febrero de 2019 en Area Espai de Dansa i Creaci\u00f3 y en el Festival StripArt de Barcelona.<\/p>\n<p><\/div><\/div> <!-- header --><\/div><\/div><div class=\"timeline-wrapper \"><\/div><\/div>[\/vc_column][vc_column width=\u00bb1\/2&#8243;]<div class=\"smile-icon-timeline-wrap csstime   \"     style=\"\"><div class=\"timeline-line \" style=\"border-right-color:;\"><span><\/span><\/div><div class=\"timeline-wrapper\"><\/div><div class=\"timeline-feature-item feat-item  \"><div class=\"feat-dot \"><div class=\"timeline-dot\"><\/div><\/div><div class=\"ult-timeline-arrow \"><s><\/s><l><\/l><\/div><div class=\"timeline-icon-block\"><div class=\"ult-timeline-icon tl-icon-no-bg\" style=\"   \"><\/div> <!-- icon --><\/div><div class=\"timeline-header-block\" >\n\t\t\t\t\t\t\t<div class=\"timeline-header\" id=\"timeline-featured-5938\"  style=\"\"><h3\n\t\t\t class=\"ult-timeline-title ult-responsive\"   data-ultimate-target='#timeline-featured-5938 .ult-timeline-title'  data-responsive-json-new='{\"font-size\":\"\",\"line-height\":\"\"}'  style=\"\"><\/h3><div class=\"ult-responsive custom-lht\"  data-ultimate-target='#timeline-featured-5938 .custom-lht'  data-responsive-json-new='{\"font-size\":\"\",\"line-height\":\"\"}'  style=\"\"><\/p>\n<h4 class=\"p2\" style=\"text-align: center;\"><b><i>+ Danza en vivo <\/i><\/b>\u2013 Anna Yang: Poetry (Poes\u00eda)<\/h4>\n<p><img decoding=\"async\" loading=\"lazy\" class=\"aligncenter wp-image-2249 size-medium\" src=\"https:\/\/www.choreoscope.com\/ediciones-anteriores\/wp-content\/uploads\/2019\/09\/laskimal_20190221172856-240x300.jpg\" alt=\"anna\" width=\"240\" height=\"300\" srcset=\"https:\/\/www.choreoscope.com\/ediciones-anteriores\/wp-content\/uploads\/2019\/09\/laskimal_20190221172856-240x300.jpg 240w, https:\/\/www.choreoscope.com\/ediciones-anteriores\/wp-content\/uploads\/2019\/09\/laskimal_20190221172856-768x960.jpg 768w, https:\/\/www.choreoscope.com\/ediciones-anteriores\/wp-content\/uploads\/2019\/09\/laskimal_20190221172856-819x1024.jpg 819w, https:\/\/www.choreoscope.com\/ediciones-anteriores\/wp-content\/uploads\/2019\/09\/laskimal_20190221172856.jpg 1080w\" sizes=\"(max-width: 240px) 100vw, 240px\" \/><\/p>\n<p style=\"text-align: left;\">Damos amor y recibimos el de otros. A veces, incluso (nos) obligamos a ello. \u00bfY qu\u00e9 hay del amor propio? En <em>Poetry<\/em>, Anna baila un mensaje contundente: \u00a1Qui\u00e9rete!<\/p>\n<p><\/div><\/div> <!-- header --><\/div><\/div><div class=\"timeline-wrapper \"><\/div><\/div>[\/vc_column][\/vc_row]<\/p>\n<\/section>","protected":false},"excerpt":{"rendered":"<p>[vc_row][vc_column width=\u00bb1\/6&#8243;][\/vc_column][vc_column width=\u00bb2\/3&#8243;][\/vc_column][vc_column width=\u00bb1\/6&#8243;][\/vc_column][\/vc_row][vc_row][vc_column width=\u00bb1\/2&#8243;][\/vc_column][vc_column width=\u00bb1\/2&#8243;][\/vc_column][\/vc_row][vc_row][vc_column width=\u00bb1\/2&#8243;][\/vc_column][vc_column width=\u00bb1\/2&#8243;][\/vc_column][\/vc_row]<\/p>\n","protected":false},"author":2,"featured_media":0,"parent":0,"menu_order":0,"comment_status":"closed","ping_status":"closed","template":"","meta":[],"_links":{"self":[{"href":"https:\/\/www.choreoscope.com\/ediciones-anteriores\/wp-json\/wp\/v2\/pages\/2171"}],"collection":[{"href":"https:\/\/www.choreoscope.com\/ediciones-anteriores\/wp-json\/wp\/v2\/pages"}],"about":[{"href":"https:\/\/www.choreoscope.com\/ediciones-anteriores\/wp-json\/wp\/v2\/types\/page"}],"author":[{"embeddable":true,"href":"https:\/\/www.choreoscope.com\/ediciones-anteriores\/wp-json\/wp\/v2\/users\/2"}],"replies":[{"embeddable":true,"href":"https:\/\/www.choreoscope.com\/ediciones-anteriores\/wp-json\/wp\/v2\/comments?post=2171"}],"version-history":[{"count":16,"href":"https:\/\/www.choreoscope.com\/ediciones-anteriores\/wp-json\/wp\/v2\/pages\/2171\/revisions"}],"predecessor-version":[{"id":2411,"href":"https:\/\/www.choreoscope.com\/ediciones-anteriores\/wp-json\/wp\/v2\/pages\/2171\/revisions\/2411"}],"wp:attachment":[{"href":"https:\/\/www.choreoscope.com\/ediciones-anteriores\/wp-json\/wp\/v2\/media?parent=2171"}],"curies":[{"name":"wp","href":"https:\/\/api.w.org\/{rel}","templated":true}]}}